{"id":318,"date":"2025-11-12T10:57:49","date_gmt":"2025-11-12T10:57:49","guid":{"rendered":"https:\/\/gixen.ro\/?page_id=318"},"modified":"2025-11-19T13:53:12","modified_gmt":"2025-11-19T13:53:12","slug":"despre-noi","status":"publish","type":"page","link":"https:\/\/gixen.ro\/index.php\/despre-noi\/","title":{"rendered":"Despre noi"},"content":{"rendered":"\t\t<div data-elementor-type=\"wp-page\" data-elementor-id=\"318\" class=\"elementor elementor-318\" data-elementor-post-type=\"page\">\n\t\t\t\t<div class=\"elementor-element elementor-element-06fd772 e-flex e-con-boxed e-con e-parent\" data-id=\"06fd772\" data-element_type=\"container\" data-e-type=\"container\">\n\t\t\t\t\t<div class=\"e-con-inner\">\n\t\t<div class=\"elementor-element elementor-element-dd3aab0 e-con-full e-flex e-con e-child\" data-id=\"dd3aab0\" data-element_type=\"container\" data-e-type=\"container\">\n\t\t\t\t<div class=\"elementor-element elementor-element-e48db68 elementor-widget elementor-widget-text-editor\" data-id=\"e48db68\" data-element_type=\"widget\" data-e-type=\"widget\" data-widget_type=\"text-editor.default\">\n\t\t\t\t\t\t\t\t\t<p>Despre Noi<\/p>\t\t\t\t\t\t\t\t<\/div>\n\t\t\t\t<div class=\"elementor-element elementor-element-d81db29 elementor-widget elementor-widget-text-editor\" data-id=\"d81db29\" data-element_type=\"widget\" data-e-type=\"widget\" data-widget_type=\"text-editor.default\">\n\t\t\t\t\t\t\t\t\t<p>Fondat\u0103 \u00een 1996, Gixen SRL este un produc\u0103tor de top de produse din h\u00e2rtie, cu sediul \u00een sud-estul Rom\u00e2niei, \u00een jude\u021bul C\u0103l\u0103ra\u0219i, comuna Cioc\u0103ne\u0219ti. Pornit\u0103 ca o mic\u0103 afacere de familie, compania s-a dezvoltat treptat \u00eentr-un nume important \u00een industria de prelucrare a h\u00e2rtiei, furniz\u00e2nd produse de \u00eenalt\u0103 calitate at\u00e2t pe pia\u021ba intern\u0103, c\u00e2t \u0219i pe cea interna\u021bional\u0103.<\/p>\t\t\t\t\t\t\t\t<\/div>\n\t\t\t\t<div class=\"elementor-element elementor-element-5bba73c elementor-widget elementor-widget-text-editor\" data-id=\"5bba73c\" data-element_type=\"widget\" data-e-type=\"widget\" data-widget_type=\"text-editor.default\">\n\t\t\t\t\t\t\t\t\t<p><strong>Misiunea noastr\u0103<\/strong><\/p>\t\t\t\t\t\t\t\t<\/div>\n\t\t\t\t<div class=\"elementor-element elementor-element-a29fea9 elementor-widget elementor-widget-text-editor\" data-id=\"a29fea9\" data-element_type=\"widget\" data-e-type=\"widget\" data-widget_type=\"text-editor.default\">\n\t\t\t\t\t\t\t\t\t<p>La Gixen SRL, prioritatea noastr\u0103 este s\u0103 oferim produse din h\u00e2rtie de cea mai \u00eenalt\u0103 calitate, realizate cu grij\u0103 \u0219i respect fa\u021b\u0103 de clien\u021bi.<\/p><p>Ne propunem s\u0103 fim un furnizor de \u00eencredere pentru prosoape de h\u00e2rtie, h\u00e2rtie igienic\u0103 \u0219i alte produse esen\u021biale, \u00eembun\u0103t\u0103\u021bindu-ne constant procesele \u0219i men\u021bin\u00e2nd un standard ridicat \u00een tot ceea ce facem.<\/p>\t\t\t\t\t\t\t\t<\/div>\n\t\t\t\t<\/div>\n\t\t<div class=\"elementor-element elementor-element-18f06f8 e-con-full e-flex e-con e-child\" data-id=\"18f06f8\" data-element_type=\"container\" data-e-type=\"container\" data-settings=\"{&quot;background_background&quot;:&quot;classic&quot;}\">\n\t\t\t\t<div class=\"elementor-element elementor-element-c560f82 elementor-widget elementor-widget-image\" data-id=\"c560f82\" data-element_type=\"widget\" data-e-type=\"widget\" data-widget_type=\"image.default\">\n\t\t\t\t\t\t\t\t\t\t\t\t\t\t\t<img fetchpriority=\"high\" decoding=\"async\" width=\"800\" height=\"584\" src=\"https:\/\/gixen.ro\/wp-content\/uploads\/2025\/11\/Patrice-Edit-1-1024x747.png\" class=\"attachment-large size-large wp-image-118\" alt=\"\" srcset=\"https:\/\/gixen.ro\/wp-content\/uploads\/2025\/11\/Patrice-Edit-1-1024x747.png 1024w, https:\/\/gixen.ro\/wp-content\/uploads\/2025\/11\/Patrice-Edit-1-300x219.png 300w, https:\/\/gixen.ro\/wp-content\/uploads\/2025\/11\/Patrice-Edit-1-768x560.png 768w, https:\/\/gixen.ro\/wp-content\/uploads\/2025\/11\/Patrice-Edit-1-1536x1120.png 1536w, https:\/\/gixen.ro\/wp-content\/uploads\/2025\/11\/Patrice-Edit-1.png 1920w\" sizes=\"(max-width: 800px) 100vw, 800px\" \/>\t\t\t\t\t\t\t\t\t\t\t\t\t\t\t<\/div>\n\t\t\t\t<\/div>\n\t\t\t\t\t<\/div>\n\t\t\t\t<\/div>\n\t\t<div class=\"elementor-element elementor-element-0cc2a15 e-flex e-con-boxed e-con e-parent\" data-id=\"0cc2a15\" data-element_type=\"container\" data-e-type=\"container\">\n\t\t\t\t\t<div class=\"e-con-inner\">\n\t\t<div class=\"elementor-element elementor-element-e6b000f e-con-full e-flex e-con e-child\" data-id=\"e6b000f\" data-element_type=\"container\" data-e-type=\"container\" data-settings=\"{&quot;background_background&quot;:&quot;classic&quot;}\">\n\t\t\t\t<div class=\"elementor-element elementor-element-cf518ed elementor-widget elementor-widget-image\" data-id=\"cf518ed\" data-element_type=\"widget\" data-e-type=\"widget\" data-widget_type=\"image.default\">\n\t\t\t\t\t\t\t\t\t\t\t\t\t\t\t<img decoding=\"async\" width=\"800\" height=\"732\" src=\"https:\/\/gixen.ro\/wp-content\/uploads\/2025\/11\/Mock-up-Rola-Normala-DUO-Patrice-Greece-Deluxe.png\" class=\"attachment-large size-large wp-image-104\" alt=\"\" srcset=\"https:\/\/gixen.ro\/wp-content\/uploads\/2025\/11\/Mock-up-Rola-Normala-DUO-Patrice-Greece-Deluxe.png 1000w, https:\/\/gixen.ro\/wp-content\/uploads\/2025\/11\/Mock-up-Rola-Normala-DUO-Patrice-Greece-Deluxe-300x275.png 300w, https:\/\/gixen.ro\/wp-content\/uploads\/2025\/11\/Mock-up-Rola-Normala-DUO-Patrice-Greece-Deluxe-768x703.png 768w\" sizes=\"(max-width: 800px) 100vw, 800px\" \/>\t\t\t\t\t\t\t\t\t\t\t\t\t\t\t<\/div>\n\t\t\t\t<\/div>\n\t\t<div class=\"elementor-element elementor-element-1c5aab8 e-con-full e-flex e-con e-child\" data-id=\"1c5aab8\" data-element_type=\"container\" data-e-type=\"container\">\n\t\t\t\t<div class=\"elementor-element elementor-element-81a1a4d elementor-widget elementor-widget-text-editor\" data-id=\"81a1a4d\" data-element_type=\"widget\" data-e-type=\"widget\" data-widget_type=\"text-editor.default\">\n\t\t\t\t\t\t\t\t\t<p><strong>Produsele noastre<\/strong><\/p>\t\t\t\t\t\t\t\t<\/div>\n\t\t\t\t<div class=\"elementor-element elementor-element-1de230d elementor-widget elementor-widget-text-editor\" data-id=\"1de230d\" data-element_type=\"widget\" data-e-type=\"widget\" data-widget_type=\"text-editor.default\">\n\t\t\t\t\t\t\t\t\t<p>Gixen SRL produce o gam\u0103 variat\u0103 de articole din h\u00e2rtie, precum:<\/p><p>&#8211; <b>Prosoape de h\u00e2rtie<\/b> \u2013 rezistente \u0219i foarte absorbante, disponibile \u00een variante de 2 \u0219i 4 straturi, albe, imprimate \u00een p\u00e2n\u0103 la 3 culori, precum \u0219i prosoape colorate \u00een mas\u0103.<\/p><p>&#8211; <b>H\u00e2rtie igienic\u0103<\/b> \u2013 moale, rezistent\u0103 \u0219i confortabil\u0103, disponibil\u0103 \u00een diverse variante.<\/p><p>De-a lungul timpului, ne-am extins portofoliul cu produse inovatoare, unele dintre ele unice pe pia\u021ba din Rom\u00e2nia, consolid\u00e2ndu-ne reputa\u021bia de produc\u0103tor orientat spre calitate \u0219i solu\u021bii moderne.<\/p>\t\t\t\t\t\t\t\t<\/div>\n\t\t\t\t<div class=\"elementor-element elementor-element-59d42f2 elementor-widget elementor-widget-text-editor\" data-id=\"59d42f2\" data-element_type=\"widget\" data-e-type=\"widget\" data-widget_type=\"text-editor.default\">\n\t\t\t\t\t\t\t\t\t<p><strong>Dezvoltare \u0219i evolu\u021bie<\/strong><\/p>\t\t\t\t\t\t\t\t<\/div>\n\t\t\t\t<div class=\"elementor-element elementor-element-61fb3d1 elementor-widget elementor-widget-text-editor\" data-id=\"61fb3d1\" data-element_type=\"widget\" data-e-type=\"widget\" data-widget_type=\"text-editor.default\">\n\t\t\t\t\t\t\t\t\t<p>\u00cenc\u0103 de la \u00eenfiin\u021bare, Gixen SRL a \u00eenregistrat o cre\u0219tere constant\u0103. \u00cen 2024, compania a atins o cifr\u0103 de afaceri de 8 milioane de euro, consolid\u00e2ndu-\u0219i pozi\u021bia pe pia\u021ba produselor din h\u00e2rtie. \u00cen paralel, ne-am dezvoltat capacitatea de produc\u021bie \u0219i am continuat diversificarea portofoliului.<\/p><p>\u00a0<\/p><p>Progresul nostru este sus\u021binut de investi\u021bii tehnologice continue \u0219i de o abordare orientat\u0103 spre nevoile reale ale clien\u021bilor.<\/p>\t\t\t\t\t\t\t\t<\/div>\n\t\t\t\t<\/div>\n\t\t\t\t\t<\/div>\n\t\t\t\t<\/div>\n\t\t<div class=\"elementor-element elementor-element-502acb0 e-flex e-con-boxed e-con e-parent\" data-id=\"502acb0\" data-element_type=\"container\" data-e-type=\"container\">\n\t\t\t\t\t<div class=\"e-con-inner\">\n\t\t<div class=\"elementor-element elementor-element-485820b e-con-full e-flex e-con e-child\" data-id=\"485820b\" data-element_type=\"container\" data-e-type=\"container\">\n\t\t\t\t<div class=\"elementor-element elementor-element-2b8ee64 elementor-widget elementor-widget-text-editor\" data-id=\"2b8ee64\" data-element_type=\"widget\" data-e-type=\"widget\" data-widget_type=\"text-editor.default\">\n\t\t\t\t\t\t\t\t\t<p><strong>Valorile unei afaceri de familie<\/strong><\/p>\t\t\t\t\t\t\t\t<\/div>\n\t\t\t\t<div class=\"elementor-element elementor-element-eca24f1 elementor-widget elementor-widget-text-editor\" data-id=\"eca24f1\" data-element_type=\"widget\" data-e-type=\"widget\" data-widget_type=\"text-editor.default\">\n\t\t\t\t\t\t\t\t\t<p>Ne m\u00e2ndrim cu faptul c\u0103 suntem o afacere de familie care a crescut la peste 80 de angaja\u021bi. Dedicarea, seriozitatea \u0219i responsabilitatea se reg\u0103sesc \u00een fiecare produs pe care \u00eel realiz\u0103m.<\/p>\t\t\t\t\t\t\t\t<\/div>\n\t\t\t\t<div class=\"elementor-element elementor-element-2d74a9d elementor-widget elementor-widget-text-editor\" data-id=\"2d74a9d\" data-element_type=\"widget\" data-e-type=\"widget\" data-widget_type=\"text-editor.default\">\n\t\t\t\t\t\t\t\t\t<p><strong>Loca\u021bie \u0219i infrastructur\u0103<\/strong><\/p>\t\t\t\t\t\t\t\t<\/div>\n\t\t\t\t<div class=\"elementor-element elementor-element-97c7c2a elementor-widget elementor-widget-text-editor\" data-id=\"97c7c2a\" data-element_type=\"widget\" data-e-type=\"widget\" data-widget_type=\"text-editor.default\">\n\t\t\t\t\t\t\t\t\t<p>Gixen SRL este situat\u0103 \u00een sud-estul Rom\u00e2niei, l\u00e2ng\u0103 ora\u0219ul C\u0103l\u0103ra\u0219i, la o distan\u021b\u0103 accesibil\u0103 de capitala Bucure\u0219ti. Distribu\u021bia este asigurat\u0103 at\u00e2t prin parteneri logistici, c\u00e2t \u0219i prin flota proprie, format\u0103 din 4 camioane \u0219i 6 van-uri. Comercializ\u0103m produsele noastre \u00een toat\u0103 Rom\u00e2nia, precum \u0219i \u00een Republica Moldova, Bulgaria \u0219i Ungaria.<\/p><p>Fabrica este echipat\u0103 cu linii de produc\u021bie moderne, conforme cu cele mai noi standarde din industrie.<\/p>\t\t\t\t\t\t\t\t<\/div>\n\t\t\t\t<div class=\"elementor-element elementor-element-1f277df elementor-widget elementor-widget-text-editor\" data-id=\"1f277df\" data-element_type=\"widget\" data-e-type=\"widget\" data-widget_type=\"text-editor.default\">\n\t\t\t\t\t\t\t\t\t<p><strong>Angajamentul fa\u021b\u0103 de sustenabilitate<\/strong><\/p>\t\t\t\t\t\t\t\t<\/div>\n\t\t\t\t<div class=\"elementor-element elementor-element-885adce elementor-widget elementor-widget-text-editor\" data-id=\"885adce\" data-element_type=\"widget\" data-e-type=\"widget\" data-widget_type=\"text-editor.default\">\n\t\t\t\t\t\t\t\t\t<p>De\u0219i calitatea este prioritatea noastr\u0103, investim \u0219i \u00een tehnologii \u0219i procese mai prietenoase cu mediul.<\/p>\t\t\t\t\t\t\t\t<\/div>\n\t\t\t\t<\/div>\n\t\t<div class=\"elementor-element elementor-element-42c8ed0 e-con-full e-flex e-con e-child\" data-id=\"42c8ed0\" data-element_type=\"container\" data-e-type=\"container\" data-settings=\"{&quot;background_background&quot;:&quot;classic&quot;}\">\n\t\t\t\t<div class=\"elementor-element elementor-element-82c5b80 elementor-widget elementor-widget-image\" data-id=\"82c5b80\" data-element_type=\"widget\" data-e-type=\"widget\" data-widget_type=\"image.default\">\n\t\t\t\t\t\t\t\t\t\t\t\t\t\t\t<img decoding=\"async\" width=\"800\" height=\"732\" src=\"https:\/\/gixen.ro\/wp-content\/uploads\/2025\/11\/Mock-up-Rola-Normala-SOLO-Flip-Galben.png\" class=\"attachment-large size-large wp-image-107\" alt=\"\" srcset=\"https:\/\/gixen.ro\/wp-content\/uploads\/2025\/11\/Mock-up-Rola-Normala-SOLO-Flip-Galben.png 1000w, https:\/\/gixen.ro\/wp-content\/uploads\/2025\/11\/Mock-up-Rola-Normala-SOLO-Flip-Galben-300x275.png 300w, https:\/\/gixen.ro\/wp-content\/uploads\/2025\/11\/Mock-up-Rola-Normala-SOLO-Flip-Galben-768x703.png 768w\" sizes=\"(max-width: 800px) 100vw, 800px\" \/>\t\t\t\t\t\t\t\t\t\t\t\t\t\t\t<\/div>\n\t\t\t\t<\/div>\n\t\t\t\t\t<\/div>\n\t\t\t\t<\/div>\n\t\t<div class=\"elementor-element elementor-element-e5fcb2e e-flex e-con-boxed e-con e-parent\" data-id=\"e5fcb2e\" data-element_type=\"container\" data-e-type=\"container\">\n\t\t\t\t\t<div class=\"e-con-inner\">\n\t\t<div class=\"elementor-element elementor-element-f9bd448 e-con-full e-flex e-con e-child\" data-id=\"f9bd448\" data-element_type=\"container\" data-e-type=\"container\" data-settings=\"{&quot;background_background&quot;:&quot;classic&quot;}\">\n\t\t\t\t<div class=\"elementor-element elementor-element-734e0b5 elementor-widget elementor-widget-image\" data-id=\"734e0b5\" data-element_type=\"widget\" data-e-type=\"widget\" data-widget_type=\"image.default\">\n\t\t\t\t\t\t\t\t\t\t\t\t\t\t\t<img loading=\"lazy\" decoding=\"async\" width=\"800\" height=\"732\" src=\"https:\/\/gixen.ro\/wp-content\/uploads\/2025\/11\/Mock-up-Rola-Normala-DUO-Candy.png\" class=\"attachment-large size-large wp-image-103\" alt=\"\" srcset=\"https:\/\/gixen.ro\/wp-content\/uploads\/2025\/11\/Mock-up-Rola-Normala-DUO-Candy.png 1000w, https:\/\/gixen.ro\/wp-content\/uploads\/2025\/11\/Mock-up-Rola-Normala-DUO-Candy-300x275.png 300w, https:\/\/gixen.ro\/wp-content\/uploads\/2025\/11\/Mock-up-Rola-Normala-DUO-Candy-768x703.png 768w\" sizes=\"(max-width: 800px) 100vw, 800px\" \/>\t\t\t\t\t\t\t\t\t\t\t\t\t\t\t<\/div>\n\t\t\t\t<\/div>\n\t\t<div class=\"elementor-element elementor-element-f481e01 e-con-full e-flex e-con e-child\" data-id=\"f481e01\" data-element_type=\"container\" data-e-type=\"container\">\n\t\t\t\t<div class=\"elementor-element elementor-element-650efce elementor-widget elementor-widget-text-editor\" data-id=\"650efce\" data-element_type=\"widget\" data-e-type=\"widget\" data-widget_type=\"text-editor.default\">\n\t\t\t\t\t\t\t\t\t<p><strong>De ce s\u0103 alegi Gixen SRL?<\/strong><\/p>\t\t\t\t\t\t\t\t<\/div>\n\t\t\t\t<div class=\"elementor-element elementor-element-33ecaf4 elementor-widget elementor-widget-text-editor\" data-id=\"33ecaf4\" data-element_type=\"widget\" data-e-type=\"widget\" data-widget_type=\"text-editor.default\">\n\t\t\t\t\t\t\t\t\t<ul><li>Calitate superioar\u0103<\/li><li>Inova\u021bie<\/li><li>Experien\u021b\u0103<\/li><li>Valori puternice<\/li><li>Acoperire extins\u0103<\/li><\/ul>\t\t\t\t\t\t\t\t<\/div>\n\t\t\t\t<div class=\"elementor-element elementor-element-e4f3cb4 elementor-widget elementor-widget-text-editor\" data-id=\"e4f3cb4\" data-element_type=\"widget\" data-e-type=\"widget\" data-widget_type=\"text-editor.default\">\n\t\t\t\t\t\t\t\t\t<p><strong>Planuri de viitor<\/strong><\/p>\t\t\t\t\t\t\t\t<\/div>\n\t\t\t\t<div class=\"elementor-element elementor-element-d71b6c8 elementor-widget elementor-widget-text-editor\" data-id=\"d71b6c8\" data-element_type=\"widget\" data-e-type=\"widget\" data-widget_type=\"text-editor.default\">\n\t\t\t\t\t\t\t\t\t<p>Gixen SRL r\u0103m\u00e2ne dedicat\u0103 inova\u021biei, calit\u0103\u021bii \u0219i dezvolt\u0103rii continue.<\/p>\t\t\t\t\t\t\t\t<\/div>\n\t\t\t\t<\/div>\n\t\t\t\t\t<\/div>\n\t\t\t\t<\/div>\n\t\t\t\t<\/div>\n\t\t","protected":false},"excerpt":{"rendered":"<p>Despre Noi Fondat\u0103 \u00een 1996, Gixen SRL este un produc\u0103tor de top de produse din h\u00e2rtie, cu sediul \u00een sud-estul Rom\u00e2niei, \u00een jude\u021bul C\u0103l\u0103ra\u0219i, comuna Cioc\u0103ne\u0219ti. Pornit\u0103 ca o mic\u0103 afacere de familie, compania s-a dezvoltat treptat \u00eentr-un nume important \u00een industria de prelucrare a h\u00e2rtiei, furniz\u00e2nd produse de \u00eenalt\u0103 calitate at\u00e2t pe pia\u021ba intern\u0103, [&hellip;]<\/p>\n","protected":false},"author":2,"featured_media":0,"parent":0,"menu_order":0,"comment_status":"closed","ping_status":"closed","template":"","meta":{"_acf_changed":false,"footnotes":""},"class_list":["post-318","page","type-page","status-publish","hentry"],"acf":[],"yoast_head":"<!-- This site is optimized with the Yoast SEO plugin v26.3 - https:\/\/yoast.com\/wordpress\/plugins\/seo\/ -->\n<title>Despre noi - Gixen<\/title>\n<meta name=\"robots\" content=\"index, follow, max-snippet:-1, max-image-preview:large, max-video-preview:-1\" \/>\n<link rel=\"canonical\" href=\"https:\/\/gixen.ro\/index.php\/despre-noi\/\" \/>\n<meta property=\"og:locale\" content=\"en_US\" \/>\n<meta property=\"og:type\" content=\"article\" \/>\n<meta property=\"og:title\" content=\"Despre noi - Gixen\" \/>\n<meta property=\"og:description\" content=\"Despre Noi Fondat\u0103 \u00een 1996, Gixen SRL este un produc\u0103tor de top de produse din h\u00e2rtie, cu sediul \u00een sud-estul Rom\u00e2niei, \u00een jude\u021bul C\u0103l\u0103ra\u0219i, comuna Cioc\u0103ne\u0219ti. Pornit\u0103 ca o mic\u0103 afacere de familie, compania s-a dezvoltat treptat \u00eentr-un nume important \u00een industria de prelucrare a h\u00e2rtiei, furniz\u00e2nd produse de \u00eenalt\u0103 calitate at\u00e2t pe pia\u021ba intern\u0103, [&hellip;]\" \/>\n<meta property=\"og:url\" content=\"https:\/\/gixen.ro\/index.php\/despre-noi\/\" \/>\n<meta property=\"og:site_name\" content=\"Gixen\" \/>\n<meta property=\"article:modified_time\" content=\"2025-11-19T13:53:12+00:00\" \/>\n<meta property=\"og:image\" content=\"https:\/\/gixen.ro\/wp-content\/uploads\/2025\/11\/Patrice-Edit-1.png\" \/>\n\t<meta property=\"og:image:width\" content=\"1920\" \/>\n\t<meta property=\"og:image:height\" content=\"1400\" \/>\n\t<meta property=\"og:image:type\" content=\"image\/png\" \/>\n<meta name=\"twitter:card\" content=\"summary_large_image\" \/>\n<script type=\"application\/ld+json\" class=\"yoast-schema-graph\">{\"@context\":\"https:\/\/schema.org\",\"@graph\":[{\"@type\":\"WebPage\",\"@id\":\"https:\/\/gixen.ro\/index.php\/despre-noi\/\",\"url\":\"https:\/\/gixen.ro\/index.php\/despre-noi\/\",\"name\":\"Despre noi - Gixen\",\"isPartOf\":{\"@id\":\"https:\/\/gixen.ro\/#website\"},\"primaryImageOfPage\":{\"@id\":\"https:\/\/gixen.ro\/index.php\/despre-noi\/#primaryimage\"},\"image\":{\"@id\":\"https:\/\/gixen.ro\/index.php\/despre-noi\/#primaryimage\"},\"thumbnailUrl\":\"https:\/\/gixen.ro\/wp-content\/uploads\/2025\/11\/Patrice-Edit-1-1024x747.png\",\"datePublished\":\"2025-11-12T10:57:49+00:00\",\"dateModified\":\"2025-11-19T13:53:12+00:00\",\"breadcrumb\":{\"@id\":\"https:\/\/gixen.ro\/index.php\/despre-noi\/#breadcrumb\"},\"inLanguage\":\"en-US\",\"potentialAction\":[{\"@type\":\"ReadAction\",\"target\":[\"https:\/\/gixen.ro\/index.php\/despre-noi\/\"]}]},{\"@type\":\"ImageObject\",\"inLanguage\":\"en-US\",\"@id\":\"https:\/\/gixen.ro\/index.php\/despre-noi\/#primaryimage\",\"url\":\"https:\/\/gixen.ro\/wp-content\/uploads\/2025\/11\/Patrice-Edit-1.png\",\"contentUrl\":\"https:\/\/gixen.ro\/wp-content\/uploads\/2025\/11\/Patrice-Edit-1.png\",\"width\":1920,\"height\":1400},{\"@type\":\"BreadcrumbList\",\"@id\":\"https:\/\/gixen.ro\/index.php\/despre-noi\/#breadcrumb\",\"itemListElement\":[{\"@type\":\"ListItem\",\"position\":1,\"name\":\"Home\",\"item\":\"https:\/\/gixen.ro\/\"},{\"@type\":\"ListItem\",\"position\":2,\"name\":\"Despre noi\"}]},{\"@type\":\"WebSite\",\"@id\":\"https:\/\/gixen.ro\/#website\",\"url\":\"https:\/\/gixen.ro\/\",\"name\":\"Gixen\",\"description\":\"\",\"potentialAction\":[{\"@type\":\"SearchAction\",\"target\":{\"@type\":\"EntryPoint\",\"urlTemplate\":\"https:\/\/gixen.ro\/?s={search_term_string}\"},\"query-input\":{\"@type\":\"PropertyValueSpecification\",\"valueRequired\":true,\"valueName\":\"search_term_string\"}}],\"inLanguage\":\"en-US\"}]}<\/script>\n<!-- \/ Yoast SEO plugin. -->","yoast_head_json":{"title":"Despre noi - Gixen","robots":{"index":"index","follow":"follow","max-snippet":"max-snippet:-1","max-image-preview":"max-image-preview:large","max-video-preview":"max-video-preview:-1"},"canonical":"https:\/\/gixen.ro\/index.php\/despre-noi\/","og_locale":"en_US","og_type":"article","og_title":"Despre noi - Gixen","og_description":"Despre Noi Fondat\u0103 \u00een 1996, Gixen SRL este un produc\u0103tor de top de produse din h\u00e2rtie, cu sediul \u00een sud-estul Rom\u00e2niei, \u00een jude\u021bul C\u0103l\u0103ra\u0219i, comuna Cioc\u0103ne\u0219ti. Pornit\u0103 ca o mic\u0103 afacere de familie, compania s-a dezvoltat treptat \u00eentr-un nume important \u00een industria de prelucrare a h\u00e2rtiei, furniz\u00e2nd produse de \u00eenalt\u0103 calitate at\u00e2t pe pia\u021ba intern\u0103, [&hellip;]","og_url":"https:\/\/gixen.ro\/index.php\/despre-noi\/","og_site_name":"Gixen","article_modified_time":"2025-11-19T13:53:12+00:00","og_image":[{"width":1920,"height":1400,"url":"https:\/\/gixen.ro\/wp-content\/uploads\/2025\/11\/Patrice-Edit-1.png","type":"image\/png"}],"twitter_card":"summary_large_image","schema":{"@context":"https:\/\/schema.org","@graph":[{"@type":"WebPage","@id":"https:\/\/gixen.ro\/index.php\/despre-noi\/","url":"https:\/\/gixen.ro\/index.php\/despre-noi\/","name":"Despre noi - Gixen","isPartOf":{"@id":"https:\/\/gixen.ro\/#website"},"primaryImageOfPage":{"@id":"https:\/\/gixen.ro\/index.php\/despre-noi\/#primaryimage"},"image":{"@id":"https:\/\/gixen.ro\/index.php\/despre-noi\/#primaryimage"},"thumbnailUrl":"https:\/\/gixen.ro\/wp-content\/uploads\/2025\/11\/Patrice-Edit-1-1024x747.png","datePublished":"2025-11-12T10:57:49+00:00","dateModified":"2025-11-19T13:53:12+00:00","breadcrumb":{"@id":"https:\/\/gixen.ro\/index.php\/despre-noi\/#breadcrumb"},"inLanguage":"en-US","potentialAction":[{"@type":"ReadAction","target":["https:\/\/gixen.ro\/index.php\/despre-noi\/"]}]},{"@type":"ImageObject","inLanguage":"en-US","@id":"https:\/\/gixen.ro\/index.php\/despre-noi\/#primaryimage","url":"https:\/\/gixen.ro\/wp-content\/uploads\/2025\/11\/Patrice-Edit-1.png","contentUrl":"https:\/\/gixen.ro\/wp-content\/uploads\/2025\/11\/Patrice-Edit-1.png","width":1920,"height":1400},{"@type":"BreadcrumbList","@id":"https:\/\/gixen.ro\/index.php\/despre-noi\/#breadcrumb","itemListElement":[{"@type":"ListItem","position":1,"name":"Home","item":"https:\/\/gixen.ro\/"},{"@type":"ListItem","position":2,"name":"Despre noi"}]},{"@type":"WebSite","@id":"https:\/\/gixen.ro\/#website","url":"https:\/\/gixen.ro\/","name":"Gixen","description":"","potentialAction":[{"@type":"SearchAction","target":{"@type":"EntryPoint","urlTemplate":"https:\/\/gixen.ro\/?s={search_term_string}"},"query-input":{"@type":"PropertyValueSpecification","valueRequired":true,"valueName":"search_term_string"}}],"inLanguage":"en-US"}]}},"_links":{"self":[{"href":"https:\/\/gixen.ro\/index.php\/wp-json\/wp\/v2\/pages\/318","targetHints":{"allow":["GET"]}}],"collection":[{"href":"https:\/\/gixen.ro\/index.php\/wp-json\/wp\/v2\/pages"}],"about":[{"href":"https:\/\/gixen.ro\/index.php\/wp-json\/wp\/v2\/types\/page"}],"author":[{"embeddable":true,"href":"https:\/\/gixen.ro\/index.php\/wp-json\/wp\/v2\/users\/2"}],"replies":[{"embeddable":true,"href":"https:\/\/gixen.ro\/index.php\/wp-json\/wp\/v2\/comments?post=318"}],"version-history":[{"count":25,"href":"https:\/\/gixen.ro\/index.php\/wp-json\/wp\/v2\/pages\/318\/revisions"}],"predecessor-version":[{"id":395,"href":"https:\/\/gixen.ro\/index.php\/wp-json\/wp\/v2\/pages\/318\/revisions\/395"}],"wp:attachment":[{"href":"https:\/\/gixen.ro\/index.php\/wp-json\/wp\/v2\/media?parent=318"}],"curies":[{"name":"wp","href":"https:\/\/api.w.org\/{rel}","templated":true}]}}